omposite?
False
Is 79827463 a prime number?
False
Is 741201 a prime number?
False
Is 1326587 composite?
False
Is 440203 composite?
False
Is 303064579 composite?
True
Is 18694769 composite?
False
Is 1442996965 a composite number?
True
Is 1177843 a prime number?
True
Is 438062161 a composite number?
True
Is 39781123 a composite number?
False
Is 226650317 composite?
False
Is 30796683 a prime number?
False
Is 1143482 prime?
False
Is 75853 composite?
False
Is 439783 a prime number?
False
Is 11119819 a composite number?
True
Is 30228263 composite?
True
Is 6401749 a prime number?
True
Is 63063739 composite?
False
Is 61042721 composite?
False
Is 1598501 composite?
False
Is 28439293 a composite number?
True
Is 89236871 composite?
False
Is 15588659 a composite number?
False
Is 5016229 a composite number?
False
Is 4966301 a composite number?
False
Is 1962449 composite?
False
Is 56029357 prime?
False
Is 188441483 prime?
True
Is 316627 composite?
True
Is 474533633 a prime number?
False
Is 151091 a composite number?
False
Is 355387 composite?
True
Is 4728467 composite?
True
Is 31201499 composite?
True
Is 11523001 prime?
False
Is 7985363 composite?
True
Is 26562967 composite?
False
Is 39180913 a prime number?
True
Is 50466211 a prime number?
False
Is 68914 composite?
True
Is 9846659 prime?
True
Is 546385029 a prime number?
False
Is 1242029 composite?
False
Is 353507311 a composite number?
False
Is 9134681 a prime number?
False
Is 1984639 prime?
True
Is 1240483 a composite number?
False
Is 2204287853 a composite number?
False
Is 1226158489 a prime number?
True
Is 2055917 a prime number?
True
Is 314840761 a composite number?
False
Is 120273649 composite?
True
Is 4615033 prime?
False
Is 6914111 a composite number?
False
Is 266911 prime?
False
Is 1091681 a composite number?
False
Is 64012169 a composite number?
True
Is 9756067 composite?
False
Is 41625041 composite?
False
Is 3464953 prime?
False
Is 469680863 prime?
True
Is 61437007 composite?
False
Is 455837 prime?
False
Is 9040439 composite?
False
Is 900543593 prime?
False
Is 25217719 composite?
True
Is 2716921 a prime number?
False
Is 161263 prime?
True
Is 12141091 a prime number?
False
Is 77969751 a composite number?
True
Is 9374563 a composite number?
True
Is 247937 a composite number?
True
Is 10550603 composite?
True
Is 16011803 prime?
False
Is 184897 prime?
False
Is 4039655 a prime number?
False
Is 11830999 composite?
True
Is 5508469 composite?
False
Is 47229409 prime?
True
Is 452857 a prime number?
True
Is 589601 a prime number?
True
Is 86994917 composite?
False
Is 1008317 a composite number?
False
Is 210861611 composite?
True
Is 24004697 a composite number?
True
Is 6823351 a composite number?
False
Is 1162193 a composite number?
False
Is 12957557 composite?
False
Is 83030951 a composite number?
False
Is 26512481 composite?
False
Is 8040535 composite?
True
Is 81706837 a prime number?
False
Is 198132163 composite?
False
Is 98457739 a composite number?
False
Is 62151 a prime number?
False
Is 1553113 a prime number?
False
Is 9210863 composite?
True
Is 1561867 composite?
True
Is 799289 prime?
False
Is 384583141 a composite number?
False
Is 94458653 composite?
False
Is 5671361 a prime number?
True
Is 288728873 prime?
True
Is 2001553 prime?
True
Is 210703 prime?
False
Is 204203 a composite number?
True
Is 124461213 prime?
False
Is 2717821 prime?
True
Is 158936017 a composite number?
False
Is 112158461 a composite number?
False
Is 261336577 composite?
False
Is 125531093 a composite number?
False
Is 343081729 prime?
True
Is 139759309 composite?
True
Is 1018013 a composite number?
True
Is 166409099 a composite number?
False
Is 110633477 prime?
True
Is 5104487 prime?
False
Is 315743 prime?
True
Is 37205939 prime?
False
Is 904400351 a prime number?
False
Is 24612283 composite?
True
Is 4967374 a prime number?
False
Is 71762749 composite?
True
Is 4167979 a prime number?
True
Is 285762383 prime?
True
Is 16654667 a prime number?
False
Is 394843 a composite number?
True
Is 129815801 composite?
True
Is 16566467 composite?
False
Is 2116627 prime?
True
Is 7514917 prime?
True
Is 666829214 prime?
False
Is 125663 a composite number?
True
Is 6895021 composite?
True
Is 129597947 composite?
False
Is 144883 a composite number?
False
Is 4141547 a composite number?
True
Is 34127233 composite?
True
Is 29187638 composite?
True
Is 43837 a prime number?
False
Is 12048073 a prime number?
True
Is 40299461 composite?
False
Is 1199323 prime?
False
Is 1203035 a prime number?
False
Is 22707143 prime?
False
Is 45462149 a composite number?
True
Is 796657 a prime number?
True
Is 17719579 a prime number?
False
Is 37237459 prime?
False
Is 35818019 a prime number?
True
Is 8754451 a prime number?
True
Is 24829601 composite?
False
Is 5537849 a composite number?
False
Is 6521477 a prime number?
True
Is 198869323 a prime number?
False
Is 418949045 composite?
True
Is 114240929 a composite number?
True
Is 825323 prime?
False
Is 73208117 prime?
True
Is 602306071 a composite number?
False
Is 1104902823 a composite number?
True
Is 110544691 composite?
True
Is 2840251 a composite number?
True
Is 110807 a prime number?
True
Is 501417739 composite?
False
Is 11093209 prime?
True
Is 29038181 composite?
False
Is 8085473 composite?
True
Is 6757871 prime?
False
Is 8654803 a composite number?
False
Is 1105309 a composite number?
False
Is 253595351 prime?
False
Is 920134507 composite?
True
Is 1058659 a prime number?
False
Is 1777327 a prime number?
False
Is 21857317 a prime number?
False
Is 10698319 prime?
True
Is 4855937 a prime number?
False
Is 6199957 a prime number?
True
Is 195902027 composite?
True
Is 305197117 a prime number?
True
Is 1000573 a prime number?
False
Is 2359499 a composite number?
False
Is 1563917 a composite number?
True
Is 396173 a composite number?
False
Is 81357479 prime?
False
Is 2313797 composite?
False
Is 100777 prime?
False
Is 4151629 a composite number?
False
Is 197157 prime?
False
Is 1101071 composite?
False
Is 75948997 a composite number?
False
Is 6432119 composite?
True
Is 14823381 prime?
False
Is 609911341 a prime number?
False
Is 653687 composite?
False
Is 14326017 a prime number?
False
Is 24358949 a composite number?
False
Is 48739721 prime?
True
Is 10288669 a prime number?
True
Is 2140783 a prime number?
False
Is 47455887 prime?
False
Is 9464633 a composite number?
False
Is 7562483 prime?
True
Is 192728945 a composite number?
True
Is 333608689 a composite number?
True
Is 12515693 composite?
True
Is 72817489 composite?
False
Is 86815171 composite?
True
Is 33374347 a composite number?
False
Is 1392361 composite?
False
Is 5018966 a composite number?
True
Is 159747073 prime?
False
Is 4317437 composite?
False
Is 2255149 a composite number?
True
Is 463254005 a prime number?
False
Is 1247185379 a prime number?
False
Is 502177 a prime number?
False
Is 158784261 a prime number?
False
Is 33137017 a prime number?
False
Is 1205081 a composite number?
False
Is 77761126 a composite number?
True
Is 214619087 composite?
False
Is 5125579 prime?
False
Is 186977173 a composite number?
False
Is 12712751 prime?
True
Is 50054267 prime?
True
Is 2816701 prime?
True
Is 1737709 composite?
True
Is 604769 composite?
True
Is 17103521 a composite number?
False
Is 21777493 a prime number?
False
Is 5346941 composite?
False
Is 8341451 prime?
True
Is 8104823 prime?
True
Is 385559 composite?
False
Is 46415591 a prime number?
False
Is 3471017 prime?
False
Is 10796869 composite?
False
Is 3577807 a composite number?
True
Is 1408848781 a composite number?
False
Is 17610871 prime?
True
Is 3588709 composite?
True
Is 374771 prime?
True
Is 68108797 prime?
True
Is 16985399 prime?
True
Is 16182947 composite?
True
Is 24075131 a prime number?
False
Is 61793743 composite?
True
Is 164105065 composite?
True
Is 5428543 composite?
False
Is 2747347 composite?
False
Is 59781791 composite?
True
Is 12358309 prime?
True
Is 5685013 a prime number?
False
Is 3995669 composite?
True
Is 3037583 composite?
False
Is 3680843 prime?
False
Is 269395823 composite?
False
Is 17847499 a composite number?
True
Is 357959929 a composite number?
False
Is 164545 a composite number?
True
Is 17544617 composite?
True
Is 607522477 a prime number?
False
Is 2540023 a prime number?
False
Is 1076753 composite?